{"id":7035,"date":"2026-04-28T03:09:46","date_gmt":"2026-04-28T03:09:46","guid":{"rendered":"https:\/\/solapso.com\/evento\/radla-2026-xliii-reuniao-anual-de-dermatologistas-latino-americanos\/"},"modified":"2026-04-28T03:09:46","modified_gmt":"2026-04-28T03:09:46","slug":"radla-2026-xliii-reuniao-anual-de-dermatologistas-latino-americanos","status":"publish","type":"tribe_events","link":"https:\/\/solapso.com\/pt-br\/evento\/radla-2026-xliii-reuniao-anual-de-dermatologistas-latino-americanos\/","title":{"rendered":"RADLA 2026 \u2013 XLIII Reuni\u00e3o Anual de Dermatologistas Latino-Americanos"},"content":{"rendered":"<p>A RADLA foi institu\u00edda em virtude da crescente relev\u00e2ncia e responsabilidade m\u00e9dico-social na Am\u00e9rica Latina, estabelecendo-se a sua realiza\u00e7\u00e3o anual. O evento re\u00fane renomados especialistas com o prop\u00f3sito de promover a atualiza\u00e7\u00e3o cient\u00edfica em todas as vertentes da Dermatologia.<\/p>\n<p>\u00c9 uma honra para a Argentina ter sido escolhida como pa\u00eds sede desta edi\u00e7\u00e3o, reconhecimento que representa um importante est\u00edmulo para a comunidade.<\/p>\n<p>Estimamos a participa\u00e7\u00e3o de mais de 3.000 dermatologistas e, conscientes da responsabilidade assumida, j\u00e1 nos encontramos plenamente comprometidos com a organiza\u00e7\u00e3o de um congresso modelo.<\/p>\n","protected":false},"excerpt":{"rendered":"<p>A RADLA foi institu\u00edda em virtude da crescente relev\u00e2ncia e responsabilidade m\u00e9dico-social na Am\u00e9rica Latina, estabelecendo-se a sua realiza\u00e7\u00e3o anual. O evento re\u00fane renomados especialistas com o prop\u00f3sito de promover [&hellip;]<\/p>\n","protected":false},"author":3298,"featured_media":6082,"template":"","meta":{"_tribe_events_status":"","_tribe_events_status_reason":"","footnotes":""},"tags":[],"tribe_events_cat":[],"class_list":["post-7035","tribe_events","type-tribe_events","status-publish","has-post-thumbnail","hentry"],"publishpress_future_workflow_manual_trigger":{"enabledWorkflows":[]},"_links":{"self":[{"href":"https:\/\/solapso.com\/pt-br\/wp-json\/wp\/v2\/tribe_events\/7035","targetHints":{"allow":["GET"]}}],"collection":[{"href":"https:\/\/solapso.com\/pt-br\/wp-json\/wp\/v2\/tribe_events"}],"about":[{"href":"https:\/\/solapso.com\/pt-br\/wp-json\/wp\/v2\/types\/tribe_events"}],"author":[{"embeddable":true,"href":"https:\/\/solapso.com\/pt-br\/wp-json\/wp\/v2\/users\/3298"}],"version-history":[{"count":0,"href":"https:\/\/solapso.com\/pt-br\/wp-json\/wp\/v2\/tribe_events\/7035\/revisions"}],"wp:featuredmedia":[{"embeddable":true,"href":"https:\/\/solapso.com\/pt-br\/wp-json\/wp\/v2\/media\/6082"}],"wp:attachment":[{"href":"https:\/\/solapso.com\/pt-br\/wp-json\/wp\/v2\/media?parent=7035"}],"wp:term":[{"taxonomy":"post_tag","embeddable":true,"href":"https:\/\/solapso.com\/pt-br\/wp-json\/wp\/v2\/tags?post=7035"},{"taxonomy":"tribe_events_cat","embeddable":true,"href":"https:\/\/solapso.com\/pt-br\/wp-json\/wp\/v2\/tribe_events_cat?post=7035"}],"curies":[{"name":"wp","href":"https:\/\/api.w.org\/{rel}","templated":true}]}}

RADLA 2026 – XLIII Reunião Anual de Dermatologistas Latino-Americanos

<p>A RADLA foi instituída em virtude da crescente relevância e responsabilidade médico-social na América Latina, estabelecendo-se a sua realização anual. O evento reúne renomados especialistas com o propósito de promover a atualização científica em todas as vertentes da Dermatologia.</p>
<p>É uma honra para a Argentina ter sido escolhida como país sede desta edição, reconhecimento que representa um importante estímulo para a comunidade.</p>
<p>Estimamos a participação de mais de 3.000 dermatologistas e, conscientes da responsabilidade assumida, já nos encontramos plenamente comprometidos com a organização de um congresso modelo.</p>

<p>A RADLA foi instituída em virtude da crescente relevância e responsabilidade médico-social na América Latina, estabelecendo-se a sua realização anual. O evento reúne renomados especialistas com o propósito de promover [&hellip;]</p>
